its digit of h(-14)?
6
Suppose 2*d = 14 - 20, -5*d - 2415 = -3*h. What is the hundreds digit of h?
8
Suppose 5*v = -3*s + 48, -5*v + 28 + 18 = s. Suppose 0 = -6*d - v + 639. What is the units digit of d?
5
Let z(w) be the first derivative of -w**4/4 + w**3/3 + w**2/2 + 2*w - 6. Let k be z(-3). Suppose -3*o - 5*l = -o - 85, l - k = -o. What is the tens digit of o?
3
Let j be (168/16 - 9)*20/6. Suppose j*g + 4*x - 5 = 0, g = 3*g + x - 5. What is the units digit of g?
5
Let k = -40 - -45. Suppose -130 = -k*g + 4*o, -1 + 27 = g - 2*o. What is the tens digit of g?
2
Suppose -2*n = -n + 2*k + 1, 0 = 4*n - k + 13. Let w(m) = -11*m - 6 - 1 + 4 - 2. What is the tens digit of w(n)?
2
Suppose 3034 - 1084 = 5*h. What is the units digit of h/12 + (-3)/2?
1
Let p = 51 - 58. Let j = 160 + p. What is the hundreds digit of j?
1
What is the hundreds digit of 1/(22 - 17 - 7204/1441)?
4
Suppose 5 - 37 = -2*u. Suppose 11*w - u = 7*w. What is the tens digit of (-124)/8*-1*w?
6
Let k(j) = -5*j - 8 - 7*j - j - j. What is the units digit of k(-5)?
2
What is the units digit of -10*(1 - 2)*(-13845)/(-26)?
5
What is the units digit of 6/(-3)*(10668/(-8) - 3)?
3
Suppose -9 = 17*h - 111. Let x = 196 - h. What is the hundreds digit of x?
1
Let p(y) = 7*y + 5. Let c be p(-5). Suppose 4*g + 35 = -1. Let t = g - c. What is the tens digit of t?
2
What is the thousands digit of 17 + (-1919)/114 + 15017/6?
2
Suppose -46 = -2*k - 42. Let n = 86 + k. What is the units digit of n?
8
What is the tens digit of 64422/90 + ((-8)/(-10))/4?
1
Suppose 2*z + 5*n = 3*z - 18, -3*n = 5*z - 6. Suppose 6*c - c - 99 = 4*p, -4*c - z*p + 104 = 0. What is the units digit of c?
3
Let j(f) = f**2 - 10. Let q be j(4). Suppose i + 35 = q*i. What is the units digit of 9 - i/((-28)/8)?
1
Suppose 1 + 0 = w - l, 3*l + 13 = 5*w. Suppose -2*x - 84 = -t, 0 = -4*t + w*x - 2 + 347. What is the tens digit of t?
9
Let a = -1672 + 3112. What is the hundreds digit of a?
4
Let k = -25 - -65. Let h = -35 + k. What is the units digit of h?
5
Let d(r) = 5*r**2 + 8*r - 3*r**2 + 0*r**2 - 12 - r**2. Let b be d(-9). What is the tens digit of (68/4 - 2) + b?
1
Let f(q) be the second derivative of -q**3/6 - 5*q**2 - 4*q. Let d be f(-8). What is the tens digit of d/(-4) + 58/4?
1
Let w(f) = -87*f + 87. What is the tens digit of w(-6)?
0
Suppose -j = 3*a - 2292, -22*a - 6924 = -3*j - 19*a. What is the units digit of j?
4
Suppose u = 5*i + 616, -5*u - 5*i + 3056 = -6*i. What is the tens digit of u?
1
Let q = 9 - 16. Let g(n) = -n**3 - 6*n**2 + 10*n + 5. Let w be g(q). Let t(a) = -4*a - 13. What is the tens digit of t(w)?
5
Let p be (44/55*50/4)/2. Suppose -m + 4*x = -4 - 66, -x = p. What is the tens digit of m?
5
Let a be (10/(-6))/((-4)/12). Let t(p) = 3*p**3 - 2*p**3 + 21 - 17 + 0*p**3 - 2*p**2 - a*p. What is the tens digit of t(4)?
1
What is the tens digit of (-8 + 0)*(-21)/4 - -2?
4
Suppose -3*o = 6 - 0, -o - 2 = -2*g. Suppose -t + 5*t - 292 = g. What is the units digit of t?
3
Let o be 1/1 + (-4)/((-12)/93). Let r = o + -13. What is the units digit of r?
9
Let l(x) = 2*x**2 + x - 10. Let d be l(-4). Let a(p) = 2*p**3 - p**2 - p - 2. Let n be a(2). Let v = d - n. What is the units digit of v?
0
Suppose 0 = 3*n - 3*v - 7188, 3955 = 4*n + 2*v - 5623. What is the hundreds digit of n?
3
Let c(p) = -26*p**3 + p**2 + p + 1. Let m be c(-1). Let d(y) = 4*y**2 - 4*y - 1. Let k be d(-2). Suppose 2*h = k + m. What is the units digit of h?
5
Suppose 0 = -q + a + 144, -118*q + 116*q = a - 291. What is the units digit of q?
5
Let a = -4061 + 7817. What is the tens digit of a?
5
Suppose -3*g = -320 - 52. What is the hundreds digit of g?
1
Let u = -2066 + 4148. What is the hundreds digit of u?
0
Let j(y) = 61*y**2 - 29*y - 58. What is the units digit of j(-2)?
4
Suppose 2*f - 166 = -4*d, 3*d + 4 = 1. What is the tens digit of f?
8
Suppose -22 - 35 = 2*a - 3*b, 4*a + 118 = 2*b. Suppose x - 5*x + 3*c = -35, 0 = -5*x + 4*c + 45. Let g = x - a. What is the units digit of g?
5
Suppose -r = -2*r + d - 7, -14 = 2*r - 4*d. Let a(u) = 3*u**2 + u - 46. What is the units digit of a(r)?
4
What is the tens digit of 9 + 53846/65 - (-4)/(-10)?
3
Let t = -1383 + 2668. What is the units digit of t?
5
Suppose 6*d = d. Suppose -119 = 4*q + c, d = -3*q + 2*q + c - 31. What is the units digit of 15*-6*3/q?
9
Let l(v) = 3*v**3 + 16*v**2 + 2*v + 13. Let y(c) = -5*c**3 - 31*c**2 - 4*c - 26. Let x(d) = -7*l(d) - 4*y(d). Let u = -6 - -18. What is the tens digit of x(u)?
3
Let b(h) be the second derivative of h**5/2 - h**4/6 - 2*h**3/3 - 5*h**2/2 + 28*h. What is the tens digit of b(3)?
3
Suppose 9*b = -3*h + 13*b + 2467, -3252 = -4*h - 4*b. What is the units digit of h?
7
Let a be ((-2)/4)/(26/(-208)). What is the units digit of 207/((-76)/(-16) - a)?
6
Let o(z) = -8*z + 16*z + 5*z - 14. What is the hundreds digit of o(14)?
1
What is the units digit of 4/((-60)/(-5619)) + 4/10?
5
Let g = 101 - 20. What is the units digit of g?
1
Let x(w) = -w**3 - 7*w**2 - 6*w + 3. Let q be x(-5). Let r = -12 - q. Suppose -m - 24 = -r*m. What is the units digit of m?
6
What is the tens digit of ((-14)/(-8))/(0 + 7/1176)?
9
Suppose 2*a + 12 = 4*a + i, 0 = -2*i + 4. Suppose -9 - 11 = -a*j. Suppose -j = -y - 1, y - 9 = -2*w. What is the units digit of w?
3
Let h = 10765 + -6660. What is the thousands digit of h?
4
Let p = -1940 + 3117. What is the tens digit of p?
7
Let p = -69 + 114. Suppose 2*w + p = 7*w. What is the units digit of w?
9
Suppose 0*h + h + 8 = -2*x, -x - 3 = 0. What is the tens digit of (h/2)/((-2)/58)?
2
Let m(y) = 7*y**3 + 2*y**2 + 3*y - 16. Let j be m(3). Suppose -f = -2*d - j, 232 = f + d + 26. What is the tens digit of f?
0
Let m(q) = 4*q**2 - 66*q + 37. What is the tens digit of m(27)?
7
Let h = 2193 + 1758. What is the thousands digit of h?
3
Let f be 4/(-3) - (-30)/9. Suppose 14 = 3*m + f. What is the units digit of m?
4
Let t(j) = -3*j + 2. Let u be t(0). Let f(r) = 9*r + 4. What is the tens digit of f(u)?
2
Let w(p) = -p**3 - 14*p**2 + 3*p + 28. Let r be w(-14). What is the tens digit of ((777/r)/3)/((-2)/12)?
1
What is the hundreds digit of (99/(-27))/((-8)/1152)?
5
Suppose 13*m - 84 = 10*m. What is the tens digit of -1 - 3 - (m + 0)*-9?
4
Let h(x) = -x - 17 + 27 - x. Let y(d) = 4*d. Let q be y(-3). What is the units digit of h(q)?
4
What is the units digit of 526 + 55 + -6 + -1?
4
Suppose -25 = u - 28. Suppose 54 = u*n - 2*n. What is the units digit of n?
4
Suppose -5*w + 12999 = l, -10397 = w - 5*w - 3*l. What is the hundreds digit of w?
6
Suppose 0 = 8*s - 411 - 749. What is the hundreds digit of s?
1
Let q = -48 - 9. Let s(i) = 4*i**2 - 2*i - 7. Let m be s(5). Let j = q + m. What is the tens digit of j?
2
Let p(d) = -d + 11. Let s be p(6). Suppose s*b + 25 = 0, 4*h - 4 = b + 3*b. What is the units digit of (-492)/(-48) + (-3)/h?
1
Let o(q) = 3*q - 3. Let p be o(3). Suppose 108 = l - a, 4*l - 437 = -3*a + p*a. What is the tens digit of l?
1
Suppose 2*s + 12 = 3*l + l, 0 = -3*s + 3*l - 3. Let c = s - -1. Suppose c*o - 3*h - 9 = 0, 5*h - 3 = -5*o + 22. What is the units digit of o?
3
Suppose -26*f + 39*f = 156. Suppose 0 = -i + 2*i + 7. Let g = i + f. What is the units digit of g?
5
Let w = 3847 + -2459. What is the units digit of w?
8
Let p = -20 + 29. Let c = p - 7. Suppose -3*h + 175 = o, 293 = 5*h + c*o - o. What is the units digit of h?
9
Suppose 0*x + x + 70 = 4*d, d = 4*x + 220. Let v = x - -12. What is the tens digit of (-594)/(-14) + (-24)/v?
4
Let d(o) = -159*o - 323. What is the hundreds digit of d(-6)?
6
Let a = -2038 - -4820. What is the tens digit of a?
8
Let s = 1946 + -678. What is the tens digit of s?
6
Suppose -2*k - 4*l = 3*k - 49, l + 17 = 2*k. Let r = 0 + k. Suppose r*q + 19 = 10*q. What is the units digit of q?
9
Let i = -3 - -10. Suppose 110 = 5*h + b + 3*b, 0 = -3*h + 4*b + 66. Let n = h - i. What is the units digit of n?
5
Suppose -3*m + 109 + 98 = 0. Suppose 4*y + y = -d + m, -y = -2*d + 127. What is the units digit of d?
4
Let w be 150/(-8) + 3/4. Let n = w + 21. Suppose l + 84 = 4*l - i, -3*l = n*i - 96. What is the units digit of l?
9
Let w(u) = u**3 + 15*u**2 - u + 9. What is the tens digit of w(-7)?
0
Let r be 98/4*(46 - 0). What is the tens digit of r/14 + 6/4?
8
Let k(u) = -u**3 - 4*u**2 + u + 2. Let v be k(-4). What is 